{"id":196,"date":"2020-04-13T17:42:27","date_gmt":"2020-04-13T15:42:27","guid":{"rendered":"http:\/\/www.nrv-radio.fr\/nrv-radio\/?page_id=196"},"modified":"2025-05-24T09:35:43","modified_gmt":"2025-05-24T07:35:43","slug":"a-propos-de-nrv-radio","status":"publish","type":"page","link":"https:\/\/nrv-radio.fr\/?page_id=196","title":{"rendered":"A propos de NRV radio"},"content":{"rendered":"\t\t<div data-elementor-type=\"wp-page\" data-elementor-id=\"196\" class=\"elementor elementor-196\">\n\t\t\t\t\t\t<section class=\"elementor-section elementor-top-section elementor-element elementor-element-1ee4866 elementor-section-boxed elementor-section-height-default elementor-section-height-default\" data-id=\"1ee4866\" data-element_type=\"section\" data-e-type=\"section\">\n\t\t\t\t\t\t<div class=\"elementor-container elementor-column-gap-default\">\n\t\t\t\t\t<div class=\"elementor-column elementor-col-100 elementor-top-column elementor-element elementor-element-045b2a4\" data-id=\"045b2a4\" data-element_type=\"column\" data-e-type=\"column\">\n\t\t\t<div class=\"elementor-widget-wrap elementor-element-populated\">\n\t\t\t\t\t\t<div class=\"elementor-element elementor-element-a7532c9 elementor-widget elementor-widget-heading\" data-id=\"a7532c9\" data-element_type=\"widget\" data-e-type=\"widget\" data-widget_type=\"heading.default\">\n\t\t\t\t<div class=\"elementor-widget-container\">\n\t\t\t\t\t<h1 class=\"elementor-heading-title elementor-size-default\">L'histoire rock'n'roll d'NRV radio !<\/h1>\t\t\t\t<\/div>\n\t\t\t\t<\/div>\n\t\t\t\t\t<\/div>\n\t\t<\/div>\n\t\t\t\t\t<\/div>\n\t\t<\/section>\n\t\t\t\t<section class=\"elementor-section elementor-top-section elementor-element elementor-element-eaa8923 elementor-section-boxed elementor-section-height-default elementor-section-height-default\" data-id=\"eaa8923\" data-element_type=\"section\" data-e-type=\"section\">\n\t\t\t\t\t\t<div class=\"elementor-container elementor-column-gap-default\">\n\t\t\t\t\t<div class=\"elementor-column elementor-col-50 elementor-top-column elementor-element elementor-element-63d55ac\" data-id=\"63d55ac\" data-element_type=\"column\" data-e-type=\"column\">\n\t\t\t<div class=\"elementor-widget-wrap elementor-element-populated\">\n\t\t\t\t\t\t<div class=\"elementor-element elementor-element-b87ca27 elementor-widget elementor-widget-text-editor\" data-id=\"b87ca27\" data-element_type=\"widget\" data-e-type=\"widget\" data-widget_type=\"text-editor.default\">\n\t\t\t\t<div class=\"elementor-widget-container\">\n\t\t\t\t\t\t\t\t\t<p>\u00a0<\/p><p style=\"text-align: center;\"><span style=\"font-size: 10pt;\"><span style=\"font-family: helvetica, arial, sans-serif;\">NRV radio fut cr\u00e9\u00e9e en 20214 au sein de la ville de LAON (Aisne-Picardie)<\/span><span style=\"font-family: helvetica, arial, sans-serif;\">et est d\u00e9sormais localis\u00e9e sur le bassin d&rsquo;Arcachon.<\/span><\/span><\/p><p style=\"text-align: center;\"><span style=\"font-family: helvetica, arial, sans-serif; font-size: 10pt;\">Un concept simpe \u00e0 l&rsquo;origine : une radio rock g\u00e9n\u00e9raliste des ann\u00e9es 50&rsquo;s \u00e0 aujourd&rsquo;hui.<\/span><span style=\"font-family: helvetica, arial, sans-serif; font-size: 10pt;\">Bref une radio \u00e0 l&rsquo;esprit rock \u00e9nergique et rebelle.<\/span><\/p><p style=\"text-align: center;\"><span style=\"font-family: helvetica, arial, sans-serif; font-size: 10pt;\">Pr\u00e8s de 500 \u00e9l\u00e9ments d&rsquo;habillage en version fran\u00e7aise, US, allemande, ukrainienne, sont venus compl\u00e9menter la radio.<\/span><\/p><p style=\"text-align: center;\"><span style=\"font-family: helvetica, arial, sans-serif; font-size: 10pt;\">Diffus\u00e9e sur la toile dans plus de 60 pays \u00e0 travers la plan\u00e8te.<\/span><span style=\"font-family: helvetica, arial, sans-serif; font-size: 10pt;\"> Le rock n&rsquo;a plus de fronti\u00e8res.\u00a0<\/span><\/p><p style=\"text-align: center;\"><span style=\"font-size: 10pt;\"><strong><span style=\"font-family: helvetica, arial, sans-serif;\">L&rsquo;histoire du rock s&rsquo;\u00e9coute sur NRV radio !<\/span><\/strong><\/span><\/p><p style=\"text-align: center;\"><strong><span style=\"font-family: helvetica, arial, sans-serif;\">\u00a0<\/span><\/strong><\/p>\t\t\t\t\t\t\t\t<\/div>\n\t\t\t\t<\/div>\n\t\t\t\t\t<\/div>\n\t\t<\/div>\n\t\t\t\t<div class=\"elementor-column elementor-col-50 elementor-top-column elementor-element elementor-element-4248faa\" data-id=\"4248faa\" data-element_type=\"column\" data-e-type=\"column\">\n\t\t\t<div class=\"elementor-widget-wrap elementor-element-populated\">\n\t\t\t\t\t\t<div class=\"elementor-element elementor-element-d8622a9 elementor-widget elementor-widget-image\" data-id=\"d8622a9\" data-element_type=\"widget\" data-e-type=\"widget\" data-widget_type=\"image.default\">\n\t\t\t\t<div class=\"elementor-widget-container\">\n\t\t\t\t\t\t\t\t\t\t\t\t\t\t\t<img fetchpriority=\"high\" decoding=\"async\" width=\"1024\" height=\"640\" src=\"https:\/\/nrv-radio.fr\/wp-content\/uploads\/2025\/05\/ROADMAP.jpg\" class=\"attachment-large size-large wp-image-3084\" alt=\"\" srcset=\"https:\/\/nrv-radio.fr\/wp-content\/uploads\/2025\/05\/ROADMAP.jpg 1024w, https:\/\/nrv-radio.fr\/wp-content\/uploads\/2025\/05\/ROADMAP-300x188.jpg 300w, https:\/\/nrv-radio.fr\/wp-content\/uploads\/2025\/05\/ROADMAP-768x480.jpg 768w, https:\/\/nrv-radio.fr\/wp-content\/uploads\/2025\/05\/ROADMAP-1000x625.jpg 1000w, https:\/\/nrv-radio.fr\/wp-content\/uploads\/2025\/05\/ROADMAP-230x144.jpg 230w, https:\/\/nrv-radio.fr\/wp-content\/uploads\/2025\/05\/ROADMAP-350x219.jpg 350w, https:\/\/nrv-radio.fr\/wp-content\/uploads\/2025\/05\/ROADMAP-480x300.jpg 480w\" sizes=\"(max-width: 1024px) 100vw, 1024px\" \/>\t\t\t\t\t\t\t\t\t\t\t\t\t\t\t<\/div>\n\t\t\t\t<\/div>\n\t\t\t\t\t<\/div>\n\t\t<\/div>\n\t\t\t\t\t<\/div>\n\t\t<\/section>\n\t\t\t\t<section class=\"elementor-section elementor-top-section elementor-element elementor-element-26fd152 elementor-section-boxed elementor-section-height-default elementor-section-height-default\" data-id=\"26fd152\" data-element_type=\"section\" data-e-type=\"section\">\n\t\t\t\t\t\t<div class=\"elementor-container elementor-column-gap-default\">\n\t\t\t\t\t<div class=\"elementor-column elementor-col-100 elementor-top-column elementor-element elementor-element-8b6d361\" data-id=\"8b6d361\" data-element_type=\"column\" data-e-type=\"column\">\n\t\t\t<div class=\"elementor-widget-wrap elementor-element-populated\">\n\t\t\t\t\t\t<div class=\"elementor-element elementor-element-31ae854 elementor-widget-divider--view-line_icon animated-slow elementor-view-default elementor-widget-divider--element-align-center elementor-invisible elementor-widget elementor-widget-divider\" data-id=\"31ae854\" data-element_type=\"widget\" data-e-type=\"widget\" data-settings=\"{&quot;_animation&quot;:&quot;lightSpeedIn&quot;}\" data-widget_type=\"divider.default\">\n\t\t\t\t<div class=\"elementor-widget-container\">\n\t\t\t\t\t\t\t<div class=\"elementor-divider\">\n\t\t\t<span class=\"elementor-divider-separator\">\n\t\t\t\t\t\t\t<div class=\"elementor-icon elementor-divider__element\">\n\t\t\t\t\t<i aria-hidden=\"true\" class=\"fas fa-history\"><\/i><\/div>\n\t\t\t\t\t\t<\/span>\n\t\t<\/div>\n\t\t\t\t\t\t<\/div>\n\t\t\t\t<\/div>\n\t\t\t\t<div class=\"elementor-element elementor-element-f620288 animated-slow elementor-widget__width-inherit elementor-invisible elementor-widget elementor-widget-text-editor\" data-id=\"f620288\" data-element_type=\"widget\" data-e-type=\"widget\" data-settings=\"{&quot;_animation&quot;:&quot;slideInRight&quot;}\" data-widget_type=\"text-editor.default\">\n\t\t\t\t<div class=\"elementor-widget-container\">\n\t\t\t\t\t\t\t\t\t<h2 style=\"text-align: center;\"><span style=\"font-size: 18pt; color: #ff0000; font-family: helvetica, arial, sans-serif;\">La programmation rock sur NRV radio<\/span><\/h2>\t\t\t\t\t\t\t\t<\/div>\n\t\t\t\t<\/div>\n\t\t\t\t\t<\/div>\n\t\t<\/div>\n\t\t\t\t\t<\/div>\n\t\t<\/section>\n\t\t\t\t<section class=\"elementor-section elementor-top-section elementor-element elementor-element-1b3690d elementor-section-boxed elementor-section-height-default elementor-section-height-default\" data-id=\"1b3690d\" data-element_type=\"section\" data-e-type=\"section\">\n\t\t\t\t\t\t<div class=\"elementor-container elementor-column-gap-default\">\n\t\t\t\t\t<div class=\"elementor-column elementor-col-50 elementor-top-column elementor-element elementor-element-f1e2918\" data-id=\"f1e2918\" data-element_type=\"column\" data-e-type=\"column\">\n\t\t\t<div class=\"elementor-widget-wrap elementor-element-populated\">\n\t\t\t\t\t\t<div class=\"elementor-element elementor-element-39f710b elementor-widget elementor-widget-image\" data-id=\"39f710b\" data-element_type=\"widget\" data-e-type=\"widget\" data-widget_type=\"image.default\">\n\t\t\t\t<div class=\"elementor-widget-container\">\n\t\t\t\t\t\t\t\t\t\t\t\t\t\t\t<img decoding=\"async\" width=\"1024\" height=\"640\" src=\"https:\/\/nrv-radio.fr\/wp-content\/uploads\/2025\/05\/history-of-rock-chalkboard.jpg\" class=\"attachment-large size-large wp-image-3085\" alt=\"\" srcset=\"https:\/\/nrv-radio.fr\/wp-content\/uploads\/2025\/05\/history-of-rock-chalkboard.jpg 1024w, https:\/\/nrv-radio.fr\/wp-content\/uploads\/2025\/05\/history-of-rock-chalkboard-300x188.jpg 300w, https:\/\/nrv-radio.fr\/wp-content\/uploads\/2025\/05\/history-of-rock-chalkboard-768x480.jpg 768w, https:\/\/nrv-radio.fr\/wp-content\/uploads\/2025\/05\/history-of-rock-chalkboard-1000x625.jpg 1000w, https:\/\/nrv-radio.fr\/wp-content\/uploads\/2025\/05\/history-of-rock-chalkboard-230x144.jpg 230w, https:\/\/nrv-radio.fr\/wp-content\/uploads\/2025\/05\/history-of-rock-chalkboard-350x219.jpg 350w, https:\/\/nrv-radio.fr\/wp-content\/uploads\/2025\/05\/history-of-rock-chalkboard-480x300.jpg 480w\" sizes=\"(max-width: 1024px) 100vw, 1024px\" \/>\t\t\t\t\t\t\t\t\t\t\t\t\t\t\t<\/div>\n\t\t\t\t<\/div>\n\t\t\t\t\t<\/div>\n\t\t<\/div>\n\t\t\t\t<div class=\"elementor-column elementor-col-50 elementor-top-column elementor-element elementor-element-1adbac7\" data-id=\"1adbac7\" data-element_type=\"column\" data-e-type=\"column\">\n\t\t\t<div class=\"elementor-widget-wrap elementor-element-populated\">\n\t\t\t\t\t\t<div class=\"elementor-element elementor-element-dd7bd06 elementor-widget elementor-widget-text-editor\" data-id=\"dd7bd06\" data-element_type=\"widget\" data-e-type=\"widget\" data-widget_type=\"text-editor.default\">\n\t\t\t\t<div class=\"elementor-widget-container\">\n\t\t\t\t\t\t\t\t\t<p style=\"text-align: center;\"><span style=\"font-weight: 400; font-family: helvetica, arial, sans-serif; font-size: 10pt;\">La playliste rock d\u2019NRV radio, des hits rock exclusifs chaque semaine !<\/span><\/p><p style=\"text-align: center;\"><span style=\"font-weight: 400; font-family: helvetica, arial, sans-serif; font-size: 10pt;\">Tous les hits pop-rock vitamin\u00e9s fran\u00e7ais et \u00e9trangers des ann\u00e9es 2000 !<\/span><\/p><p style=\"text-align: center;\"><span style=\"font-weight: 400; font-family: helvetica, arial, sans-serif; font-size: 10pt;\">D\u00e9couvrez la sc\u00e8ne pop &amp; rock fran\u00e7aise sur NRV radio !<\/span><\/p><p style=\"text-align: center;\"><span style=\"font-weight: 400; font-family: helvetica, arial, sans-serif; font-size: 10pt;\">Du m\u00e9tal fran\u00e7ais et \u00e9tranger des ann\u00e9es 80 \u00e0 aujourd\u2019hui !<\/span><\/p><p style=\"text-align: center;\"><span style=\"font-weight: 400; font-family: helvetica, arial, sans-serif; font-size: 10pt;\">Le hard rock et le heavy m\u00e9tal en force sur NRV radio !<\/span><\/p><p style=\"text-align: center;\"><span style=\"font-weight: 400; font-family: helvetica, arial, sans-serif; font-size: 10pt;\">Le meilleur des hits 80\u2019s &amp; 90\u2019s pop-rock of course !<\/span><\/p><p style=\"text-align: center;\"><span style=\"font-weight: 400; font-family: helvetica, arial, sans-serif; font-size: 10pt;\">D\u00e9couvrez ou re-d\u00e9couvrez les artistes qui ont forg\u00e9 l\u2019histoire du rock !<\/span><\/p><p style=\"text-align: center;\"><span style=\"font-weight: 400; font-family: helvetica, arial, sans-serif; font-size: 10pt;\">Le son du m\u00e9tal et hard rock fran\u00e7ais des 80\u2019s \u00e0 \u00e9couter d\u2019urgence !<\/span><\/p>\t\t\t\t\t\t\t\t<\/div>\n\t\t\t\t<\/div>\n\t\t\t\t\t<\/div>\n\t\t<\/div>\n\t\t\t\t\t<\/div>\n\t\t<\/section>\n\t\t\t\t<\/div>\n\t\t","protected":false},"excerpt":{"rendered":"<p>L&rsquo;histoire rock&rsquo;n&rsquo;roll d&rsquo;NRV radio ! \u00a0 NRV radio fut cr\u00e9\u00e9e en 20214 au sein de la ville de LAON (Aisne-Picardie)et est d\u00e9sormais [&hellip;]<\/p>\n","protected":false},"author":1,"featured_media":0,"parent":0,"menu_order":0,"comment_status":"closed","ping_status":"closed","template":"elementor_header_footer","meta":{"footnotes":""},"class_list":["post-196","page","type-page","status-publish","hentry"],"yoast_head":"<!-- This site is optimized with the Yoast SEO plugin v27.4 - https:\/\/yoast.com\/product\/yoast-seo-wordpress\/ -->\n<title>A propos de NRV radio - NRV RADIO<\/title>\n<meta name=\"description\" content=\"Toute la programmation d&#039;NRV radio en d\u00e9tail ! ! La web radio 100% hits rock, L&#039;histoire d&#039;NRV radio ! Des riffs et des hits rock 24h\/24h et 7\/7.\" \/>\n<meta name=\"robots\" content=\"index, follow, max-snippet:-1, max-image-preview:large, max-video-preview:-1\" \/>\n<link rel=\"canonical\" href=\"https:\/\/nrv-radio.fr\/?page_id=196\" \/>\n<meta property=\"og:locale\" content=\"fr_FR\" \/>\n<meta property=\"og:type\" content=\"article\" \/>\n<meta property=\"og:title\" content=\"A propos de NRV radio - NRV RADIO\" \/>\n<meta property=\"og:description\" content=\"Toute la programmation d&#039;NRV radio en d\u00e9tail ! ! La web radio 100% hits rock, L&#039;histoire d&#039;NRV radio ! Des riffs et des hits rock 24h\/24h et 7\/7.\" \/>\n<meta property=\"og:url\" content=\"https:\/\/nrv-radio.fr\/?page_id=196\" \/>\n<meta property=\"og:site_name\" content=\"NRV RADIO\" \/>\n<meta property=\"article:publisher\" content=\"https:\/\/www.facebook.com\/NRV-Radio-1504915366423756\" \/>\n<meta property=\"article:modified_time\" content=\"2025-05-24T07:35:43+00:00\" \/>\n<meta property=\"og:image\" content=\"https:\/\/nrv-radio.fr\/wp-content\/uploads\/2025\/05\/ROADMAP.jpg\" \/>\n\t<meta property=\"og:image:width\" content=\"1024\" \/>\n\t<meta property=\"og:image:height\" content=\"640\" \/>\n\t<meta property=\"og:image:type\" content=\"image\/jpeg\" \/>\n<meta name=\"twitter:card\" content=\"summary_large_image\" \/>\n<meta name=\"twitter:label1\" content=\"Dur\u00e9e de lecture estim\u00e9e\" \/>\n\t<meta name=\"twitter:data1\" content=\"2 minutes\" \/>\n<script type=\"application\/ld+json\" class=\"yoast-schema-graph\">{\"@context\":\"https:\\\/\\\/schema.org\",\"@graph\":[{\"@type\":\"WebPage\",\"@id\":\"https:\\\/\\\/nrv-radio.fr\\\/?page_id=196\",\"url\":\"https:\\\/\\\/nrv-radio.fr\\\/?page_id=196\",\"name\":\"A propos de NRV radio - NRV RADIO\",\"isPartOf\":{\"@id\":\"https:\\\/\\\/nrv-radio.fr\\\/#website\"},\"primaryImageOfPage\":{\"@id\":\"https:\\\/\\\/nrv-radio.fr\\\/?page_id=196#primaryimage\"},\"image\":{\"@id\":\"https:\\\/\\\/nrv-radio.fr\\\/?page_id=196#primaryimage\"},\"thumbnailUrl\":\"https:\\\/\\\/nrv-radio.fr\\\/wp-content\\\/uploads\\\/2025\\\/05\\\/ROADMAP.jpg\",\"datePublished\":\"2020-04-13T15:42:27+00:00\",\"dateModified\":\"2025-05-24T07:35:43+00:00\",\"description\":\"Toute la programmation d'NRV radio en d\u00e9tail ! ! La web radio 100% hits rock, L'histoire d'NRV radio ! Des riffs et des hits rock 24h\\\/24h et 7\\\/7.\",\"breadcrumb\":{\"@id\":\"https:\\\/\\\/nrv-radio.fr\\\/?page_id=196#breadcrumb\"},\"inLanguage\":\"fr-FR\",\"potentialAction\":[{\"@type\":\"ReadAction\",\"target\":[\"https:\\\/\\\/nrv-radio.fr\\\/?page_id=196\"]}]},{\"@type\":\"ImageObject\",\"inLanguage\":\"fr-FR\",\"@id\":\"https:\\\/\\\/nrv-radio.fr\\\/?page_id=196#primaryimage\",\"url\":\"https:\\\/\\\/nrv-radio.fr\\\/wp-content\\\/uploads\\\/2025\\\/05\\\/ROADMAP.jpg\",\"contentUrl\":\"https:\\\/\\\/nrv-radio.fr\\\/wp-content\\\/uploads\\\/2025\\\/05\\\/ROADMAP.jpg\",\"width\":1024,\"height\":640},{\"@type\":\"BreadcrumbList\",\"@id\":\"https:\\\/\\\/nrv-radio.fr\\\/?page_id=196#breadcrumb\",\"itemListElement\":[{\"@type\":\"ListItem\",\"position\":1,\"name\":\"Accueil\",\"item\":\"https:\\\/\\\/nrv-radio.fr\\\/\"},{\"@type\":\"ListItem\",\"position\":2,\"name\":\"A propos de NRV radio\"}]},{\"@type\":\"WebSite\",\"@id\":\"https:\\\/\\\/nrv-radio.fr\\\/#website\",\"url\":\"https:\\\/\\\/nrv-radio.fr\\\/\",\"name\":\"NRV RADIO\",\"description\":\"Le meilleur du son rock\",\"potentialAction\":[{\"@type\":\"SearchAction\",\"target\":{\"@type\":\"EntryPoint\",\"urlTemplate\":\"https:\\\/\\\/nrv-radio.fr\\\/?s={search_term_string}\"},\"query-input\":{\"@type\":\"PropertyValueSpecification\",\"valueRequired\":true,\"valueName\":\"search_term_string\"}}],\"inLanguage\":\"fr-FR\"}]}<\/script>\n<!-- \/ Yoast SEO plugin. -->","yoast_head_json":{"title":"A propos de NRV radio - NRV RADIO","description":"Toute la programmation d'NRV radio en d\u00e9tail ! ! La web radio 100% hits rock, L'histoire d'NRV radio ! Des riffs et des hits rock 24h\/24h et 7\/7.","robots":{"index":"index","follow":"follow","max-snippet":"max-snippet:-1","max-image-preview":"max-image-preview:large","max-video-preview":"max-video-preview:-1"},"canonical":"https:\/\/nrv-radio.fr\/?page_id=196","og_locale":"fr_FR","og_type":"article","og_title":"A propos de NRV radio - NRV RADIO","og_description":"Toute la programmation d'NRV radio en d\u00e9tail ! ! La web radio 100% hits rock, L'histoire d'NRV radio ! Des riffs et des hits rock 24h\/24h et 7\/7.","og_url":"https:\/\/nrv-radio.fr\/?page_id=196","og_site_name":"NRV RADIO","article_publisher":"https:\/\/www.facebook.com\/NRV-Radio-1504915366423756","article_modified_time":"2025-05-24T07:35:43+00:00","og_image":[{"width":1024,"height":640,"url":"https:\/\/nrv-radio.fr\/wp-content\/uploads\/2025\/05\/ROADMAP.jpg","type":"image\/jpeg"}],"twitter_card":"summary_large_image","twitter_misc":{"Dur\u00e9e de lecture estim\u00e9e":"2 minutes"},"schema":{"@context":"https:\/\/schema.org","@graph":[{"@type":"WebPage","@id":"https:\/\/nrv-radio.fr\/?page_id=196","url":"https:\/\/nrv-radio.fr\/?page_id=196","name":"A propos de NRV radio - NRV RADIO","isPartOf":{"@id":"https:\/\/nrv-radio.fr\/#website"},"primaryImageOfPage":{"@id":"https:\/\/nrv-radio.fr\/?page_id=196#primaryimage"},"image":{"@id":"https:\/\/nrv-radio.fr\/?page_id=196#primaryimage"},"thumbnailUrl":"https:\/\/nrv-radio.fr\/wp-content\/uploads\/2025\/05\/ROADMAP.jpg","datePublished":"2020-04-13T15:42:27+00:00","dateModified":"2025-05-24T07:35:43+00:00","description":"Toute la programmation d'NRV radio en d\u00e9tail ! ! La web radio 100% hits rock, L'histoire d'NRV radio ! Des riffs et des hits rock 24h\/24h et 7\/7.","breadcrumb":{"@id":"https:\/\/nrv-radio.fr\/?page_id=196#breadcrumb"},"inLanguage":"fr-FR","potentialAction":[{"@type":"ReadAction","target":["https:\/\/nrv-radio.fr\/?page_id=196"]}]},{"@type":"ImageObject","inLanguage":"fr-FR","@id":"https:\/\/nrv-radio.fr\/?page_id=196#primaryimage","url":"https:\/\/nrv-radio.fr\/wp-content\/uploads\/2025\/05\/ROADMAP.jpg","contentUrl":"https:\/\/nrv-radio.fr\/wp-content\/uploads\/2025\/05\/ROADMAP.jpg","width":1024,"height":640},{"@type":"BreadcrumbList","@id":"https:\/\/nrv-radio.fr\/?page_id=196#breadcrumb","itemListElement":[{"@type":"ListItem","position":1,"name":"Accueil","item":"https:\/\/nrv-radio.fr\/"},{"@type":"ListItem","position":2,"name":"A propos de NRV radio"}]},{"@type":"WebSite","@id":"https:\/\/nrv-radio.fr\/#website","url":"https:\/\/nrv-radio.fr\/","name":"NRV RADIO","description":"Le meilleur du son rock","potentialAction":[{"@type":"SearchAction","target":{"@type":"EntryPoint","urlTemplate":"https:\/\/nrv-radio.fr\/?s={search_term_string}"},"query-input":{"@type":"PropertyValueSpecification","valueRequired":true,"valueName":"search_term_string"}}],"inLanguage":"fr-FR"}]}},"_links":{"self":[{"href":"https:\/\/nrv-radio.fr\/index.php?rest_route=\/wp\/v2\/pages\/196","targetHints":{"allow":["GET"]}}],"collection":[{"href":"https:\/\/nrv-radio.fr\/index.php?rest_route=\/wp\/v2\/pages"}],"about":[{"href":"https:\/\/nrv-radio.fr\/index.php?rest_route=\/wp\/v2\/types\/page"}],"author":[{"embeddable":true,"href":"https:\/\/nrv-radio.fr\/index.php?rest_route=\/wp\/v2\/users\/1"}],"replies":[{"embeddable":true,"href":"https:\/\/nrv-radio.fr\/index.php?rest_route=%2Fwp%2Fv2%2Fcomments&post=196"}],"version-history":[{"count":47,"href":"https:\/\/nrv-radio.fr\/index.php?rest_route=\/wp\/v2\/pages\/196\/revisions"}],"predecessor-version":[{"id":3123,"href":"https:\/\/nrv-radio.fr\/index.php?rest_route=\/wp\/v2\/pages\/196\/revisions\/3123"}],"wp:attachment":[{"href":"https:\/\/nrv-radio.fr\/index.php?rest_route=%2Fwp%2Fv2%2Fmedia&parent=196"}],"curies":[{"name":"wp","href":"https:\/\/api.w.org\/{rel}","templated":true}]}}